l be u(4). Suppose 8 = 2*r, -6*h + h = -l*r - 389. Calculate the remainder when h is divided by 6/12 - 2*(-164)/16.
18
Let b = 619 + -569. Calculate the remainder when 233 is divided by b.
33
Let z = -59 - 27. Let j(d) = 3*d**2 + d - 2. Calculate the remainder when z/(-6) - (-8)/(-24) is divided by j(-2).
6
Let x(l) be the first derivative of 13*l**3/3 + l**2 - 2*l - 5. Calculate the remainder when 36 is divided by x(1).
10
What is the remainder when 1/8 + 150035/296 is divided by 85?
82
Suppose -m - 3 = -4*b - 47, -2*b + 2*m = 16. Let r = 22 - 3. Let a = r + b. What is the remainder when a is divided by 5?
2
Let b be (-6)/8 - (-33)/12. Let c = 46 - 31. Suppose -3*s = b*s - c. Calculate the remainder when 5 is divided by s.
2
Let a(m) = -28*m - 4. Let s be a(-5). Suppose -2*p = -0*p - s. What is the remainder when p is divided by (-46)/4*(-4 - -2)?
22
Calculate the remainder when 63 is divided by 34 - 10/(10 - 5).
31
Let x = -93 + 102. Let y = x - -11. What is the remainder when 56 is divided by y?
16
Let z = 540 + -115. What is the remainder when (4/5)/(10/z) is divided by 12?
10
Let a be ((-26)/1 - -2) + 0. Let c(h) = h**3 + 24*h**2 - 2*h - 33. What is the remainder when 89 is divided by c(a)?
14
Let c(y) = -2*y**3 - 6*y**2 - y - 4. Let o be c(-4). Suppose o = 5*v - 38. Calculate the remainder when 26 is divided by v.
12
Suppose -51 - 96 = -7*v. What is the remainder when 313 is divided by v?
19
Let r be (-1)/(-1)*(8 - 3). Suppose y + 387 = 5*d, -2*d + r*y + 144 = y. Calculate the remainder when d is divided by 27.
24
Let p(r) = r**3 + 3*r**2 - 4*r - 5. Let f be p(-3). What is the remainder when (56/(-8))/(-2 + 13/f) is divided by 26?
23
Let s(o) be the second derivative of -o**4/12 - 3*o**3/2 + 4*o**2 - 3*o. Suppose -29 = 5*p + 16. Calculate the remainder when 15 is divided by s(p).
7
Calculate the remainder when (-2)/(-11) + (3 - 13848/(-66)) is divided by 36.
33
Suppose 0 = -2*y + 3*c + 48, -3*y - 3*c + 0*c = -102. Let p be (7 - 6)*(-18)/(-2). Suppose p*i - 6*i = y. Calculate the remainder when 37 is divided by i.
7
Let v(w) = 28*w**2 - 4*w + 1. Let k be v(-2). Suppose 0 = -a + 4*r + k, -539 = -5*a + r - 3*r. Calculate the remainder when a is divided by 16.
13
What is the remainder when -3 + (-1164)/(-21) + 64/112 is divided by 19?
15
Suppose 38*l + 15 = 43*l. What is the remainder when ((30/(-4))/l)/((-2)/60) is divided by 26?
23
What is the remainder when 90 is divided by (246/(-15))/(-2) + (-37)/185?
2
Let q(r) = r**3 - 14*r**2 - 4*r + 57. What is the remainder when 31 is divided by q(14)?
0
Let y(q) = q**3 - 5*q**2 - 12*q + 8. What is the remainder when 203 is divided by y(7)?
5
Let c = 27 - 3. What is the remainder when 72/(-16)*-10*(0 - -1) is divided by c?
21
Let g be (-1)/((-26)/82) + 8/(-52). Calculate the remainder when 18 is divided by (g + -4 - -12)*1.
7
Let d(n) = -131*n - 33. Calculate the remainder when d(-4) is divided by 19.
16
Let s(z) = -z**3 + 5*z**2 + 10*z - 9. Let g be -9*4/(-6)*1. Let f = 101 + -91. What is the remainder when s(g) is divided by f?
5
Let m = -625 - -766. Calculate the remainder when m is divided by 406/21*3/2.
25
Let n(t) = 5*t - 28. Let r(i) = 4*i - 28. Let u(q) = 5*n(q) - 6*r(q). What is the remainder when u(-18) is divided by 3?
1
What is the remainder when 37740/296 + 1 + 3/(-2) is divided by 4/1*2*4?
31
Let r = 23 - -14. Let b = -157 - -176. Calculate the remainder when r is divided by b.
18
What is the remainder when (-11)/(55/(-2470)) + -2 is divided by 38?
36
Let l(t) = t + 52. Let h be l(-22). Suppose v + h = 56. Suppose -4*q + 294 = -g - g, -66 = -q + 3*g. What is the remainder when q is divided by v?
23
Let t = -13 + 28. Let c = -142 + 199. Suppose -c = -4*l + 55. What is the remainder when l is divided by t?
13
Let q be (-70)/(-2) + (-1 - -2). Let a = q + -25. Let b = 479 + -475. What is the remainder when a is divided by b?
3
Suppose -4*v - 154 = -h - 43, 3*h - 4*v = 325. Let t = h - 62. What is the remainder when t is divided by 4?
1
Let c(q) = -5*q**3 - q**2 + 1. Suppose -2*r + 90 = 5*b, 0*r - 4*r - 80 = -3*b. Calculate the remainder when c(-2) is divided by b.
17
Let x(h) = -4*h - 15. Suppose -5*v + 4*w - 29 = -96, -3*v + 3*w = -42. What is the remainder when x(-9) is divided by v?
10
Calculate the remainder when (4172/6)/(((-2)/3)/(-1)) is divided by 12.
11
Let q be (3 - 0) + -3 - -4. Suppose -3*t + 3 + 1 = -2*o, 4 = q*t - 3*o. Suppose t = -4*h, 2*y = 5*h - 20 + 45. What is the remainder when 37 is divided by y?
7
Let m = -272 - -271. Let c(n) = -21*n - 4. Let a(x) = -63*x - 13. Let k(t) = -2*a(t) + 7*c(t). What is the remainder when 55 is divided by k(m)?
17
Let b = 12 - 10. Suppose -4*m + 82 = -b*m. Suppose 4 = 3*o - 38. What is the remainder when m is divided by o?
13
Let u(q) = 11*q - 25. What is the remainder when 19 is divided by u(3)?
3
Suppose 0 = 9*j - 14*j - 3*o + 229, -55 = -j + 4*o. What is the remainder when 92 is divided by j?
45
Suppose 0 = 279*s - 291*s + 1152. What is the remainder when 492 is divided by s?
12
What is the remainder when -5*11934/(-45) - -3 is divided by 31?
27
Suppose 4*r + j = -310, -7*r - 393 = -2*r + 4*j. Let q = -34 - r. What is the remainder when q is divided by 24?
19
Let d(y) = -10*y**3 + y**2 - 1. Let b be d(1). What is the remainder when 44 is divided by (1 + -25)/(20/b)?
8
Let i be -20 + -2 + -3 + 9. Let j be 3/(-1 - 28/i). Suppose -j*p = -25 - 7. Calculate the remainder when p is divided by 3.
2
What is the remainder when 20/(-12) + (1292/12 - -2) is divided by 11?
9
Suppose -6*u + 2 = -10. Suppose -a + 4 + u = 0. Calculate the remainder when 23 is divided by a.
5
Calculate the remainder when 17 is divided by (1 - 53)/(-20 - -16).
4
Let i be (-2)/4 - (-6846)/28. Suppose 4*t = 3*t + 3, 5*j - i = 2*t. Calculate the remainder when 145 is divided by j.
45
Let b(o) = -4*o + 2. Suppose 294 = 8*k - 138. What is the remainder when k is divided by b(-3)?
12
Suppose 19*c = 21*c - 130. What is the remainder when 118 is divided by c?
53
Suppose 3*x + 4*m - 48 = 0, x = -18*m + 19*m + 23. Calculate the remainder when x is divided by 17.
3
Suppose 20 = 2*u + 3*u. Let x be (2 + 4)*8/16. Suppose 3*q = -2*j + 25, 2*q + x*j - 20 = j. Calculate the remainder when q is divided by u.
1
What is the remainder when ((-777)/(-148))/(3/20) is divided by 4?
3
Let w = -118 - -128. Calculate the remainder when 177 is divided by w.
7
Let f(r) = -r**3 + 9*r**2 + 9*r + 14. Let y be f(10). Suppose 0*z + z = 4*u + 40, -3*z - y*u = -56. What is the remainder when 117 is divided by z?
21
Let u be 3/9*1 - (-10)/6. Calculate the remainder when 29 is divided by (-7)/(21/(-30)) + u.
5
Let n(l) = 3*l**3 - 33. Let c(y) = y**3 - 1. Let s(w) = 4*c(w) - n(w). What is the remainder when s(0) is divided by 8?
5
Let u(p) = p + 14. Suppose -3*r = a - 29, -2*a + 2*r = -0*r - 90. Calculate the remainder when a is divided by u(0).
13
Suppose 0 = i + 5*h, -2*i + 3*i = h + 12. Let m = -51 + 55. Suppose -m*l - b + 17 = 0, -l - 4*l - 5*b + 40 = 0. What is the remainder when i is divided by l?
1
Let h = -39 - -39. Suppose 3*d - i = 112, h*i = 2*d + i - 83. What is the remainder when d is divided by 8?
7
Let x(q) = -q + 15. Suppose 65*u - 60*u = 90. What is the remainder when x(-16) is divided by u?
13
Let i be (-2 + 2)/(-6 - -8). Let u be 8 + 0 - (i + -1). Suppose -u*n + 195 = -4*n. Calculate the remainder when n is divided by 10.
9
Suppose 0 = u + u - 92. Suppose s + f - 35 = 0, 5*s + 9 - 181 = -2*f. What is the remainder when u is divided by s?
12
Calculate the remainder when 50 is divided by (-36 + 1)/(10 - 21 - -10).
15
Let g(a) = 6*a + 32. Let r be g(-5). Suppose -2*k + 92 = -0*w + r*w, 4*k + 2*w - 178 = 0. Calculate the remainder when k is divided by 11.
10
Let l(j) = -61*j + 456. Calculate the remainder when 167 is divided by l(7).
22
Let q(x) = x + 19. What is the remainder when 71 is divided by q(-11)?
7
Suppose 0 = -6*v + 2*v + 24. Let f(y) = -17*y + 24. What is the remainder when f(1) is divided by v?
1
Let a = -1467 + 1495. What is the remainder when a is divided by 10?
8
Let z(w) = w**2 - 4*w + 6. Suppose 0 = -14*d + 10*d + 40. Calculate the remainder when z(d) is divided by 17.
15
Suppose -3*b = -7*b. Suppose 3*j - 70 = -2*g - 0*j, b = 4*g + 4*j - 136. Let q = g - 9. What is th